+ 10502. Give a(146).
1012
Let w(b) = -b**3 - 362*b**2 - 961*b - 86759. Determine w(-360).
1
Let v(m) = 11679*m + 116757. Determine v(-10).
-33
Let d(t) = 67*t**2 - 217*t - 1851. What is d(-7)?
2951
Let q(j) = -j**3 + 14*j**2 + 47*j - 262. Give q(13).
518
Let d(s) = -900*s**2 + 17*s - 8. What is d(1)?
-891
Let c(x) = -10613*x + 54607. What is c(5)?
1542
Let n(d) = 3087*d**2 - 61739*d - 14. Determine n(20).
6
Let m(z) = -2*z**2 + 736*z + 63294. Calculate m(-72).
-66
Let w(i) = -447*i**3 + 2*i**2 + 380*i - 383. What is w(1)?
-448
Let o(a) = 3*a**2 - 66*a + 242. Calculate o(11).
-121
Let a(g) = -44*g**2 + 613*g - 531. Calculate a(13).
2
Let c(v) = -32*v**2 + 27398*v + 137796. What is c(-5)?
6
Let l(b) = 2*b**3 + 48*b**2 - 238*b - 6691. What is l(-13)?
121
Let t(m) = 4*m**3 + 649*m**2 + 202*m + 6422. Calculate t(-162).
-58
Let g(t) = -t**3 + 97*t**2 - 2311*t - 437. What is g(43)?
36
Let p(j) = j**2 - 13345*j - 40043. Calculate p(-3).
1
Let g(d) = -297*d**2 + 129803*d - 6121. Determine g(437).
-3
Let g(a) = -6311*a - 18598. Give g(-3).
335
Let g(s) = -933*s + 440368. Determine g(472).
-8
Let m(a) = -22*a**3 - 268*a**2 + 36*a + 991. Calculate m(-12).
-17
Let z(l) = l**2 - 4924*l + 224481. What is z(46)?
93
Let b(n) = -3*n**3 + 35*n**2 + 44*n + 131. Calculate b(13).
27
Let m(x) = 3*x**3 - 62*x**2 + 62*x - 264. Determine m(20).
176
Let o(i) = -108*i**2 - 126*i - 6. Calculate o(-1).
12
Let r(t) = -5*t**2 - 1281*t - 8679. Give r(-7).
43
Let p(m) = -3*m**2 - 2529*m + 884982. Determine p(-1109).
0
Let g(d) = -2*d**3 + 607*d**2 - 314*d + 3339. Give g(303).
6
Let o(v) = -1758*v + 14049. Calculate o(8).
-15
Let m(a) = a**2 + 245*a - 6015. Determine m(25).
735
Let f(z) = 32*z**2 - 1474*z - 8073. Determine f(51).
-15
Let o(b) = 7488*b - 1445197. Calculate o(193).
-13
Let b(g) = 72*g**2 + 457*g + 2244. Give b(-5).
1759
Let m(f) = 83*f**2 - 967*f + 2855. Determine m(6).
41
Let w(y) = y**3 + 382*y**2 - 768*y + 299545. What is w(-386)?
9
Let z(i) = -316*i + 50190. Calculate z(159).
-54
Let a(v) = -47*v - 459. Determine a(-4).
-271
Let g(d) = 283654*d - 567314. Determine g(2).
-6
Let l(u) = -10*u**2 - 6229*u - 24148. What is l(-619)?
-7
Let w(s) = 4403*s - 123288. Give w(28).
-4
Let o(p) = -p**2 - 270*p + 12670. What is o(40)?
270
Let d(o) = 6548*o + 242311. Determine d(-37).
35
Let h(m) = -8322*m**2 - 8393*m + 3. Calculate h(-1).
74
Let o(n) = -n**3 + 12*n**2 + 54*n - 510. Determine o(9).
219
Let t(g) = g**3 - 43*g**2 - 15*g - 63. Determine t(43).
-708
Let v(q) = 1346*q**2 - 5387*q - 11. Determine v(4).
-23
Let s(j) = j**2 - 45070*j + 315457. Give s(7).
16
Let u(p) = -17*p**2 + 348*p - 1837. Give u(12).
-109
Let k(q) = 264*q**2 - 1745*q - 724. Calculate k(7).
-3
Let t(h) = -h**3 - 7*h**2 - 12*h - 33. Determine t(-8).
127
Let n(h) = -47372*h + 94615. What is n(2)?
-129
Let j(d) = 2376*d + 4134. Give j(-5).
-7746
Let x(u) = -204*u + 38044. Calculate x(186).
100
Let w(p) = -40*p**2 - 14328*p - 57296. Give w(-4).
-624
Let z(p) = 60*p - 650. Give z(38).
1630
Let b(s) = -3*s**3 + 60*s**2 + 171*s - 546. What is b(22)?
312
Let i(r) = 43486*r - 391369. What is i(9)?
5
Let z(l) = 3*l**3 - 83*l**2 + 42*l + 447. Give z(27).
123
Let d(q) = -2*q**2 + 842*q - 30464. Calculate d(40).
16
Let m(n) = 14930*n - 6957379. Give m(466).
1
Let x(i) = -9*i**2 + 9482*i - 15. Give x(0).
-15
Let v(x) = -11*x**2 - 434*x + 233. What is v(-40)?
-7
Let g(w) = -74*w**3 - 201*w**2 + 72*w - 2. Give g(-3).
-29
Let c(v) = -1241045*v - 27. What is c(0)?
-27
Let f(w) = 285464*w - 1998242. Calculate f(7).
6
Let b(t) = 6369*t - 1108196. Give b(174).
10
Let b(h) = -402539*h - 1207602. Calculate b(-3).
15
Let b(r) = -331*r + 54213. Calculate b(164).
-71
Let j(c) = 42*c**2 + 266*c + 1305. What is j(-5)?
1025
Let h(g) = -119*g - 3916. Calculate h(-32).
-108
Let y(o) = -o**2 - 5496*o - 491894. Determine y(-91).
-39
Let f(m) = 78*m**2 + 445*m + 24. What is f(-8)?
1456
Let l(z) = -2*z**3 - 471*z**2 + 402*z + 149687. Determine l(-235).
-8
Let d(j) = 7*j**2 + 2298*j + 188358. Determine d(-170).
-2
Let q(i) = -2*i**3 + 13*i**2 - 51*i + 401. What is q(9)?
-463
Let g(b) = 6*b**3 - 22*b**2 + 256*b - 1066. Calculate g(4).
-10
Let t(x) = 1221424*x + 6107125. Calculate t(-5).
5
Let c(w) = w**3 - 90*w**2 + 1126*w - 67228. Calculate c(86).
24
Let h(c) = 78905*c - 78909. Determine h(1).
-4
Let o(n) = 133*n**2 + 1640*n + 89. Calculate o(-12).
-439
Let r(l) = -2170340*l + 13022037. Determine r(6).
-3
Let p(z) = 15*z**2 - 591*z + 1813. What is p(3)?
175
Let w(g) = 49*g**3 - 15343*g**2 + 1884*g - 1881. Calculate w(313).
-3
Let y(s) = -22*s**3 + 43*s**2 + 14*s + 77. What is y(-4)?
2117
Let g(r) = 57*r**2 - 996*r + 543. Determine g(17).
84
Let u(h) = 3035*h + 39523. What is u(-13)?
68
Let w(d) = -2926*d - 140330. Give w(-48).
118
Let s(c) = c**3 + 672*c**2 + 3371*c + 24018. Give s(-667).
6
Let m(v) = -5*v**3 - 28*v**2 + 2093*v + 560. Calculate m(18).
2
Let l(a) = -128836*a + 128789. Determine l(1).
-47
Let i(b) = -b**3 + 3949*b**2 - 51150*b. Give i(13).
234
Let z(c) = -19*c**2 - 1717*c + 8378. What is z(-95)?
18
Let z(d) = 2247*d - 9385. Determine z(5).
1850
Let a(r) = -375*r + 11418. What is a(30)?
168
Let w(i) = 6*i**2 - 1326*i - 1300. Give w(222).
32
Let d(r) = -1809*r - 658. Determine d(2).
-4276
Let h(x) = 3*x**3 - 502*x**2 + 3056*x + 11. Determine h(161).
-472
Let r(l) = -11*l**2 - 550*l - 6608. Calculate r(-30).
-8
Let n(f) = 2753*f**3 - 189958*f**2 + 64*f + 344. Give n(69).
-1
Let c(w) = -99*w**3 + 297*w**2 - 1434*w + 4300. What is c(3)?
-2
Let p(n) = 37*n**2 - 213*n - 54. Determine p(8).
610
Let h(c) = c**3 - 155*c**2 - 921*c - 7146. What is h(161)?
99
Let m(u) = 340*u**2 - 4078*u - 73. Determine m(12).
-49
Let s(p) = -p**3 + 4*p**2 + 3083*p - 15427. Give s(5).
-37
Let f(x) = -140*x - 12623. Determine f(-87).
-443
Let w(m) = 15*m**3 + 10*m**2 - 18*m + 12. Give w(4).
1060
Let s(q) = -6*q**3 + 26*q**2 - 2*q - 40. Calculate s(4).
-16
Let y(f) = f**3 - 9*f**2 - 909*f + 8439. Determine y(9).
258
Let v(g) = 348153*g + 1740761. Determine v(-5).
-4
Let l(k) = -k**2 - 64*k - 188. Calculate l(-29).
827
Let g(u) = u**3 + 25*u**2 - 657*u - 1006. Calculate g(17).
-37
Let o(b) = -3*b**2 - 134*b + 52637. Determine o(112).
-3
Let q(u) = 3*u**3 - 5*u**2 - 21*u - 5. Give q(5).
140
Let m(u) = 277*u - 36157. Give m(130).
-147
Let a(m) = -3386*m - 97. Determine a(-1).
3289
Let m(j) = 186*j + 15098. Calculate m(-83).
-340
Let x(l) = 341*l + 59054. Give x(-172).
402
Let h(l) = -l**3 - 34*l**2 - 195*l - 746. What is h(-28)?
10
Let x(d) = 167*d - 3438. Give x(21).
69
Let d(o) = -7*o**2 + 588*o + 3529. What is d(-6)?
-251
Let y(o) = -3*o**2 - 1335*o - 24284. Determine y(-19).
-2
Let k(v) = v**2 + 10181*v + 587105. Calculate k(-58).
-29
Let p(n) = 542*n + 6503. Determine p(-12).
-1
Let v(c) = -c**3 - 341*c**2 + 1149*c + 275993. What is v(-342)?
-1
Let a(q) = -3*q**3 - 938*q**2 + 2205*q + 40. Calculate a(-315).
40
Let d(a) = 418658*a + 8373144. Calculate d(-20).
-16
Let v(l) = l**2 + 7380*l - 453910. Calculate v(61).
-9
Let i(g) = 3*g**2 - 79*g - 492. What is i(28)?
-352
Let x(l) = 3067*l - 481656. Give x(157).
-137
Let g(z) = -2*z**3 + 11*z**2 - 21*z + 156. Give g(6).
-6
Let d(r) = -r**3 - 15*r**2 - 58*r + 84. What is d(-7)?
98
Let s(y) = 18*y**2 - 787*y + 7970. What is s(16)?
-14
Let r(q) = q**3 + 24*q**2 + 10525*q + 263756. Calculate r(-25).
6
Let h(k) = -6*k**2 + 6547*k + 32882. Calculate h(-5).
-3
Let u(l) = -l**3 - 68*l**2 - 137*l - 446. Calculate u(-66).
-116
Let i(l) = l**3 + 24*l**2 + 127*l - 96. Give i(-8).
-88
Let v(r) = -120*r**2 - 446*r - 35. Determine v(2).
-1407
Let b(d) = -d**2 - 17436*d - 400499. Determine b(-23).
0
Let s(l) = 267076*l - 2136611. Calculate s(8).
-3
Let h(t) = t**3 + 12*t**2 - 7025*t - 77406. Give h(-11).
-10
Let t(n) = 1174*n - 219546. What is t(187)?
-8
Let y(z) = -z**3 + 10*z**2 - 85*z + 885. Calculate y(14).
-1089
Let z(u) = u**3 + 24*u**2 + 38*u + 50. Give z(-23).
-295
Let n(q) = 2*q**3 - 114*q**2 - 136*q + 7878. Give n(57).
126
Let c(r) = 907845*r - 3631361. Give c(4).
19
Let u(v) = 50913*v + 407321. Determine u(-8).
17
Let d(h) = h**2 + 97*h + 1879. Give d(-63).
-263
Let o(h) = -21*h**2 - 9508*h + 30943. Determine o(-456).
-65
Let u(n) = 3*n**3 - 164*n**2 - 290*n + 12938. What is u(55)?
13
Let d(c) = 101